. Calculate the highest common factor of v and 152.
19
Suppose -5*q + 9 = 3*f + f, 0 = -q - 4*f + 5. Let k be -4 - (101 - q)*-1. Calculate the greatest common divisor of k and 32.
32
Suppose 4*x + 8*j - 12*j - 2188 = 0, -5*x - 5*j + 2765 = 0. Calculate the highest common factor of 22 and x.
22
Let u(o) = o - 10. Let j be u(10). Let p be j - -2*2/(-4). Let l = p - -6. What is the highest common divisor of 35 and l?
5
Suppose 0 = w + 5*d + 105, -d = -w - 2*d - 97. Let q = w + 180. Suppose -34 = z - 2*z. Calculate the greatest common factor of q and z.
17
Let p(g) = g**2 + 33. Let a(n) be the first derivative of n**2/2 - 5*n + 9. Let t be a(5). Let b be p(t). What is the greatest common divisor of b and 11?
11
Let p(s) = -s**3 - 23*s**2 - 20*s + 96. Let x be p(-22). Calculate the greatest common factor of 4 and x.
4
Let s be -81 - -1 - (0 + 3). Let u = s - -200. Calculate the highest common divisor of 13 and u.
13
Suppose -5*k = -3*f - 33, -2*f - 1 = -f. Let b(x) = 4*x + 38. Let a be b(-9). Let s be 1/a - 760/(-16). Calculate the greatest common divisor of s and k.
6
Let x(m) = -m**2 + 23*m - 8. Let u(b) = b**3 + 7*b**2 + 5*b - 10. Let f be u(-5). Let q be x(f). What is the highest common divisor of q and 16?
16
Suppose -55 = 5*k + 50. Let s = k + 32. Suppose 0*v = -v + s. What is the highest common factor of 1 and v?
1
Suppose -2*n - 108 = 2*i + 2*i, 4*i + 100 = -4*n. Let l = 49 + i. Let m = -243 + 403. Calculate the highest common divisor of m and l.
20
Let x be -1 - (3 + 16)/(-1). Let n(g) = -2*g - 12. Let i be n(-7). Let l be 5 + (-4 + i - 1). What is the greatest common factor of l and x?
2
Let i(v) = 47*v**2 - v. Let u be i(-1). Let m be 6/9 - (-46)/3. Let n = 136 - m. Calculate the highest common divisor of u and n.
24
Suppose -3*t + 5*v = 343, 0 = -2*t + 3*v - 68 - 160. Let h = t + 112. What is the highest common factor of h and 2?
1
Suppose -s = -48 - 372. What is the greatest common factor of s and 60?
60
Let a(o) = -o**2 - 15*o - 33. Let z be a(-10). Suppose 5*h + 4*y - z = 13, 4*y = 5*h - 70. Calculate the greatest common divisor of 20 and h.
10
Let r = 62 + -69. Let g be 33/77 - 375/r. Calculate the highest common factor of g and 36.
18
Let u(c) = 2*c + 18. Let v = -16 + 16. Let d be u(v). Calculate the highest common divisor of 180 and d.
18
Let l be 6 - -3*12/18*1. Calculate the greatest common factor of 512 and l.
8
Suppose -4*t + 3*x + 843 = 0, -37*t + 40*t + 3*x = 606. What is the highest common factor of t and 552?
69
Suppose -4*r + 5*k + 66 = 0, -6*r + 68 = -r + k. Let u = 4 + 0. Let o be r*u/(8/11). Calculate the greatest common divisor of 11 and o.
11
Suppose -2*d + 63 = 4*m - d, -5*m = -d - 72. Suppose -41 = -15*c + 4. Calculate the highest common factor of m and c.
3
Suppose 3*g = -4*t + 156 + 282, -534 = -5*t + 3*g. Let j be (-71 + 81)/(-5*(-3)/18). What is the highest common factor of j and t?
12
Suppose -3*b - 15 = -4*t, 4*t - 5*b - 17 = 8. Let p be (t - -2)*(0 + 1). Calculate the greatest common divisor of 5 and p.
1
Let c(n) = n**3 + 5*n**2 - 5*n - 3. Let y be c(-3). Let u = -2 + -3. Let w be u/(10/(-144)) - -3. Calculate the greatest common divisor of y and w.
15
Suppose -3*k - 5*g + 41 = 5, -4*k - 2*g = -48. Let r(i) = i + 13. Let p be r(-6). Let b be p/((-21)/(-90)) - 0. Calculate the highest common divisor of k and b.
6
Suppose 2 = 3*d - 7. Suppose d*q + 332 + 310 = 0. Let f be (-2)/(-6) + q/(-6). What is the highest common factor of f and 4?
4
Suppose 0*j + 5*j + 10 = 3*t, 20 = 5*j. What is the highest common divisor of 310 and t?
10
Suppose -8*m = -10*m + 8. Suppose m*f + 16 = 40. Let k be -135*(72/(-20))/f. Calculate the greatest common factor of 9 and k.
9
Suppose -4*v + 2*v = 42. Let u(p) = -p**3 - 22*p**2 - 22*p - 10. Let k be u(v). What is the greatest common divisor of 22 and k?
11
Let z(a) = -3*a + 3. Let j be z(-4). Let f = j + -13. Suppose 2*q - 80 = -3*q. What is the greatest common factor of f and q?
2
Let i = -259 - -320. What is the highest common divisor of i and 549?
61
Suppose g = -4*g + 15. Let b = g + -12. Let z(o) = -o**2 - 10*o - 5. Let f be z(b). What is the highest common factor of f and 36?
4
Let f(k) = 176 - k - 2*k**2 - 3*k**2 + 5*k**2 + k**2. Let j be (-9)/18*(0 - 0). Let s be f(j). Calculate the greatest common divisor of 16 and s.
16
Suppose 145 = 5*v + b, 3*v - 105 = 2*b - 18. Calculate the greatest common divisor of v and 87.
29
Let p(f) = -f**2 - 20*f + 273. Let a be p(0). What is the highest common divisor of a and 364?
91
Let g be (-10)/(-2) + -2 + 0. Suppose -g*u + 65 + 79 = 0. What is the highest common factor of u and 6?
6
Let d = 103 - 29. Let h = -52 + d. Let w(a) = a**3 + 4*a**2 + 3*a. Let c be w(-2). What is the highest common factor of c and h?
2
Let u(l) = l**3 + 9*l**2 - 3*l + 9. Let v be u(-9). Suppose -c - 3*c + 88 = 0. Let z = 2 + c. What is the highest common factor of v and z?
12
Suppose -6*f + f - 4*o = 0, -5*f + 30 = -2*o. Suppose -h = f*h - 600. Let u be (75/(-20))/((-2)/h). Calculate the highest common divisor of u and 25.
25
Let y(u) = -2*u**3 + 11*u**2 + 5*u + 2. Let c be y(6). Let n be 10/c*(-9 - 1). What is the greatest common divisor of 100 and n?
25
Let c(g) = -g**2 + 17*g + 13. Let d be c(13). Suppose 15*v - 16*v + d = 0. What is the greatest common factor of v and 13?
13
Let i(k) be the first derivative of k**4/4 - k**3 + 13*k + 13. Let x be i(6). Calculate the greatest common factor of x and 11.
11
Let f = 24 + -1. Let d = f - 27. Let m be (-9)/d - (-16)/(-64). Calculate the highest common divisor of m and 5.
1
Let a = 6 - 3. Let l = 211 - 71. Suppose -5*j = a*m - l, -2*m = 3*m + j - 248. What is the highest common divisor of m and 10?
10
Let r(n) = -n**3 - 14*n**2 - 2*n - 18. Let t be (2 - -2)/(6/(-21)). Let g be r(t). Calculate the greatest common factor of 2 and g.
2
Let c = -244 - -253. Calculate the highest common factor of c and 333.
9
Suppose -7*q = -2*q - 5*x + 10, x = 2. Suppose 0*k - 3*k + 9 = q. Let p(y) = -58*y - 275. Let u be p(-5). Calculate the highest common factor of u and k.
3
Suppose -4*y + 5*s + 129 = -73, 4*s + 8 = 0. Suppose 2*f = -3*h + 1056, 341 = -2*f + h + 1397. Calculate the greatest common factor of y and f.
48
Suppose 3*i - 1320 = -2*i. Let q(k) = 2*k**3 + 19*k**2 + 7*k + 6. Let a be q(-9). Calculate the greatest common divisor of i and a.
24
Let c be ((-28)/105*6)/(2/(-130)). Let v = -91 + c. What is the highest common factor of 143 and v?
13
Let l be 81/(-18)*(-52)/6. Suppose 0 = -t + 2*t - 4*m - 10, -3*t - 18 = 4*m. Let n be (t/6)/((-3)/234). Calculate the highest common divisor of l and n.
13
Let h = -379 - -571. What is the greatest common factor of 72 and h?
24
Let i(w) = 8*w**2 + 183*w + 8. Let s be i(-27). What is the greatest common factor of s and 29?
29
Suppose 3*c + 18 = 3*b, 2*b - 2*c - 6 = b. Let p be b + (4/1)/(-4). Calculate the greatest common factor of p and 40.
5
Let m be 4/6 - (-115)/3. Suppose 20 = -17*i + 22*i. Suppose 4*r - k - 121 = -19, i*k + 18 = r. What is the greatest common factor of r and m?
13
Let f be 4/14 + 103/7. Let l be ((-35)/f)/(1/(-57)). Let d be -2 + 22 + 1 + -2. Calculate the greatest common factor of l and d.
19
Let y = -374 + 382. Calculate the greatest common divisor of 68 and y.
4
Suppose 1432 = 8*h - 4*h + 2*s, 2*h = -5*s + 732. What is the greatest common factor of 4 and h?
4
Let a = 129 + -71. Calculate the greatest common divisor of 203 and a.
29
Let n be (-2 + 0)*283/2. Suppose 2*a - 556 = -47*b + 50*b, 2*b = 5*a - 378. Let k = b - n. Calculate the highest common divisor of k and 33.
33
Let f(l) = 4*l + 4. Let i = -12 - -10. Let x be -1*(i - 33/3). Let g be f(x). What is the greatest common factor of g and 8?
8
Let s(y) = y**3 - 7*y**2 + 6*y - 4. Let n be s(5). Let f be (-4)/(-14) - n/14. Let m be 25/f*(-4)/(-5). Calculate the highest common divisor of 10 and m.
10
Let c(g) = 3*g**2 - 3*g + 4. Let q be 6*5/60*4. Let o be c(q). Calculate the highest common factor of o and 4.
2
Let x = -15 + 13. Let a be (-2)/x*(-18 - -20). What is the highest common divisor of 16 and a?
2
Suppose -4*w + 3*x + 14 = 4*x, 4*x - 11 = -w. Calculate the highest common factor of 105 and w.
3
Suppose -3*x + 76 = 4*t, 3*x = 4*t - 11 - 65. Let g = -16 + t. What is the greatest common divisor of 21